 divided by y(1)?
6
Suppose 66 = -2*w + 4*o - 20, -2*w - 4*o - 110 = 0. Let f be (-6678)/w - 2/7. Let i = -78 + f. Calculate the remainder when i is divided by 20.
18
Let v(i) = 3*i - 3. Calculate the remainder when 7 + -3 + 1 - (-3 + -8) is divided by v(3).
4
Suppose -6*n = -2*n - 32. Let i(u) = u - 2. Let o be i(4). Suppose k + 5 = 0, -o*k - k = -d + 29. What is the remainder when d is divided by n?
6
Suppose -141 = -3*p + 3. What is the remainder when p is divided by 5?
3
Let d = 1 - 0. Let g(h) = -h + 10. What is the remainder when g(8) is divided by d?
0
Let o be 6/2 + (-4 - -4). Let f = 9 - o. Calculate the remainder when f is divided by 3.
0
Suppose -5*h - 5*o - 25 = 0, 2*o + 8 = -h - 0*o. Let b = 5 - h. What is the remainder when 20 is divided by b?
6
Let a = 2 - -27. What is the remainder when a is divided by 1/(-3) + 279/27?
9
Suppose 4*j + 155 = c + 2*c, 2*c = -j + 96. What is the remainder when c is divided by 13?
10
Let o = -8 + 22. Let l(v) = -5*v - 38. What is the remainder when l(-13) is divided by o?
13
Suppose 3*z = -2*z - 3*u + 647, 2*z - 258 = -2*u. Suppose j + z = 6*j. Let f = 26 - 12. Calculate the remainder when j is divided by f.
12
Suppose 0 = -q + 3*o + 16, 98 - 8 = 4*q + o. Calculate the remainder when q is divided by ((-12)/14)/((-3)/21).
4
Let u = 25 + 6. Let i = -18 + u. Suppose 4*q - 33 = -5*a, -5*q + 24 = 2*a - 13. What is the remainder when i is divided by q?
6
Suppose 69 = 3*b - 4*u, -4*b - u + 99 = -4*u. Let t(c) = -c**3 - 3*c**2 + 3*c + 6. What is the remainder when b is divided by t(-4)?
7
Let k(j) = 12*j**2 + j + 1. Let d be k(-5). Let l be ((-5)/20)/((-2)/d). Calculate the remainder when 15 is divided by 5/(-20) + l/4.
6
Suppose -3*j = -5*g - 0 + 1, -4*j - 3*g + 18 = 0. Suppose -j*x - 2*x = -55. Calculate the remainder when -5*4*(-2 + 1) is divided by x.
9
Suppose 3*q + o - 60 = 0, 6*q - 86 = q + 3*o. Suppose -3*c + 4*c = 5. What is the remainder when q is divided by c?
4
Let n be (-4)/6 + (-11)/(-3). Suppose -f - n = -9. What is the remainder when f is divided by 4?
2
Suppose 63 = 3*x - 54. Calculate the remainder when x is divided by 10.
9
Let a = 23 - 16. Suppose -21 = -4*x + a. What is the remainder when x is divided by 4?
3
Let w = -111 + 146. Calculate the remainder when w is divided by 14.
7
Suppose -5*z + 12 + 13 = 0. Let c = 39 - z. What is the remainder when c is divided by 12?
10
Suppose 3 = 2*d + 1. What is the remainder when (-2)/(-3)*12/8 is divided by 1 - ((1 - d) + 0)?
0
Suppose 0*f - 41 = -3*r - 2*f, 0 = -4*f + 4. What is the remainder when 63 is divided by r?
11
Suppose l + 108 = -3*l. Let i = l + 7. Let u = i - -35. Calculate the remainder when u is divided by 6.
3
Let h(c) = -4*c - 2. Let k = -2 - 2. Let a be h(k). What is the remainder when 34 is divided by (12/7)/(2/a)?
10
Let m be (-36)/(-20)*(1 - -4). Suppose -4*y + m = -2*r + 29, 0 = -4*r - y + 13. Suppose -5 = 2*v - 27. What is the remainder when v is divided by r?
3
Let d(c) = 13*c - 9. Suppose 4*k - x - 132 = -6*x, 4*k - 116 = -x. What is the remainder when d(7) is divided by k?
26
Suppose -w - 18 = -3*w. Suppose g + 3*g + 3*q - 3 = 0, g = 2*q + w. What is the remainder when 8 is divided by g?
2
Suppose 9 = 4*s + 1, -10 = k + 5*s. Let j = 9 + k. Let g = -6 - j. Calculate the remainder when 9 is divided by g.
4
Let r = -4 + 7. Suppose -m - r = -4*f - 14, -2*f - 33 = -3*m. Calculate the remainder when m is divided by 6.
5
Suppose -2*l + 134 = t - 0*l, -265 = -2*t - l. Suppose v + 153 + t = 5*d, -114 = -2*d - 3*v. Calculate the remainder when d is divided by 20.
17
Let l = 56 + -6. Calculate the remainder when l is divided by 17.
16
Let o(h) = 4*h + 4*h - 3*h - 4. Let d = 7 - 4. What is the remainder when 31 is divided by o(d)?
9
Let p = -27 - -149. Calculate the remainder when p is divided by 41.
40
Suppose -15*o - 60 = -18*o. What is the remainder when 58 is divided by o?
18
Suppose 4*z + 156 = 6*z. Suppose k - 50 = -k + 3*w, -z = -4*k - 5*w. Suppose g - 3*g + k = 0. What is the remainder when g is divided by 4?
3
Suppose 2*o - f - 48 - 4 = 0, 3*f = 5*o - 131. What is the remainder when o is divided by 13?
12
Suppose -169 - 226 = -5*m. Calculate the remainder when m is divided by 40.
39
Suppose 3*u - w = 2*u + 15, 4*u - w - 51 = 0. What is the remainder when u is divided by 2?
0
Let g(k) = 2*k + 2. What is the remainder when ((-38)/3)/(2/(-6)) is divided by g(4)?
8
Calculate the remainder when (-1359)/(-33) + 2/(-11) is divided by 22.
19
Calculate the remainder when (2/(-6))/((-4)/408) is divided by 13.
8
Let n be 14 + (-3)/(6/4). Suppose -3*w - 4*d + 8 = 0, -d - 4*d = -5*w - 10. Let u = n + w. What is the remainder when 23 is divided by u?
11
Suppose -8*p - 3 = -5*p. Let j = p - -5. Suppose 23 + 29 = j*m. Calculate the remainder when 23 is divided by m.
10
Suppose 3*o - 3 = 0, 5*x = -o + 4 + 7. Suppose b + 24 = x*b. What is the remainder when 46 is divided by b?
22
Let n = -145 - -159. Calculate the remainder when 18 is divided by n.
4
Suppose 4*u - 5*s - 28 = 0, -s = -3*u - 6*s - 14. Let y(j) = 6*j**2 - j - 1. Calculate the remainder when y(-1) is divided by u.
0
Let p(g) = -g**2 - 10*g - 6. Calculate the remainder when 59 is divided by p(-8).
9
Let y(p) = -p**3 + 6*p**2 + 7*p + 6. Let t(x) = -x**3 - 8*x**2 - 2*x + 1. Calculate the remainder when t(-8) is divided by y(7).
5
Let q(v) = v**2 - 2*v - 3. What is the remainder when 9 is divided by q(-2)?
4
Suppose 69 = 3*d - 0*d. What is the remainder when (-4)/(-22) + (8595/99 - -2) is divided by d?
20
Suppose 3*n - 62 + 0 = -r, 0 = -5*n - 4*r + 115. Calculate the remainder when 72 is divided by n.
15
Let t = 31 - 16. Suppose 2*q + 2*q - 172 = 0. What is the remainder when q is divided by t?
13
Suppose 5*b - 85 = -r, 4*r + 17 = b + 2*r. Suppose 5*s = -2*i + 91, 3*i + s - 40 = 64. What is the remainder when i is divided by b?
16
Calculate the remainder when 18 is divided by -2*(1 + -7 - -4).
2
Suppose 18 = -3*p + 78. Suppose -6*q + 232 = -2*q. Calculate the remainder when p is divided by q/5 + (-6)/10.
9
Let x(j) = j**3 - j**2 - 3*j. Let p(f) = -f. Let z be p(-3). Suppose 4*r + 2*h - 104 = 0, 2*r = -3*h + 51 + 5. What is the remainder when r is divided by x(z)?
7
Let z = -16 + 21. Suppose 0 = z*p - 0*p - 35. What is the remainder when 11 is divided by p?
4
Suppose -4*o + 2*n = -268, n = 2 + 2. What is the remainder when o is divided by 18?
15
Suppose -3*k - 2*k + 1035 = 0. Let z = 54 - 42. Calculate the remainder when (-4)/(-6)*k/6 is divided by z.
11
Suppose 35*u - 29*u = 138. Calculate the remainder when 57 is divided by u.
11
Suppose -4*g = -l + 5*l + 20, -9 = 3*l. Calculate the remainder when 3/g - (-41)/2 is divided by 7.
5
Suppose 0 = -4*g - 3*g + 98. Calculate the remainder when g is divided by 3.
2
Suppose -5 = -g + 13. What is the remainder when 106 is divided by g?
16
Suppose 2*d + 0*d = 2. Calculate the remainder when (-5 + 3 - -6) + 3 is divided by -1*d/(2/(-6)).
1
Let r = -46 + 68. What is the remainder when r is divided by 5?
2
Let d be 9/(-6)*-2 - -1. Suppose 0 = -d*n - s + 53, -n + 2*s - 4*s = -8. Calculate the remainder when 41 is divided by n.
13
Suppose -59 - 13 = -w. Calculate the remainder when w is divided by 25.
22
Let a = -14 - -6. Let t = a + 24. Suppose -3*g = 25 - 118. Calculate the remainder when g is divided by t.
15
Let k(u) = u**2 - 11*u + 32. What is the remainder when 61 is divided by k(11)?
29
Let f(k) = 2*k**3 + k**2 + k + 1. What is the remainder when 1/((1/(-4))/(201/(-12))) is divided by f(2)?
21
Let b = 11 + -1. What is the remainder when (-2)/(-1) + (17 - 0) is divided by b?
9
Let y(t) = -t + 4. Let i be y(-8). Suppose 0 = 15*d - i*d - 18. What is the remainder when 17 is divided by d?
5
Let k(n) = -4*n + 4. Let h be k(-7). Let y = 57 - h. Calculate the remainder when y is divided by 4/(-14) + 130/14.
7
Suppose 3*s + y = -s + 113, -2*y = 3*s - 81. Let f = -1 - -1. Suppose f = -p - 0*p + 10. Calculate the remainder when s is divided by p.
9
Let k = 75 - 37. Let t(r) = 9*r + 1. What is the remainder when k is divided by t(1)?
8
Let l = -5 + 10. Suppose z = -4*d + 58 + 31, 385 = 5*z + l*d. Calculate the remainder when z is divided by 19.
16
Let g(x) = -19*x. Calculate the remainder when 75 is divided by g(-1).
18
Let a = -7 - -12. Suppose 5